j be 3/9 + (-236)/(-3). Suppose j - c = t. What are the prime factors of t?
2
Suppose -6*h + 5*t = -h - 205, -2*h + 3*t = -83. Suppose 39*k + 466 = h*k. List the prime factors of k.
2, 233
Suppose -4*s + a + 82 = -2*a, 3*s - 2*a = 61. Suppose 0 = -m - 0*m + s. Let i = m + -6. What are the prime factors of i?
13
Let o be -8 + 2 - -11 - -4136. Suppose -5*r + o = 2*h, -6*r - 5*h + 4150 = -r. What are the prime factors of r?
827
Suppose 4*r + 8865 = 11*s, 15 = 48*r - 43*r. List the prime factors of s.
3, 269
Suppose -5*l = 5*f + 55, 0*f + 65 = -3*f + 5*l. Let y be (3/(-2))/(f/6 - -3). List the prime factors of 16/(-24) - 404/y.
2, 67
List the prime factors of 394592/6 - (1 - 2) - 7520/(-4512).
2, 8221
Let s be (1 - -10) + -8 + 1. List the prime factors of (-558)/6*s/(-3).
2, 31
Suppose -v - 5*j - 46430 = -5*v, v - 11613 = 4*j. What are the prime factors of v?
5, 11, 211
Let h(n) = -9*n + 16. Let q be h(-5). Suppose -4*y = 4*o + 20 - 0, -4*o + q = -5*y. List the prime factors of 4035/(-10)*-3*(-2)/y.
269
Let b(r) be the first derivative of 2*r**2 - 24*r - 15. Let z be b(5). List the prime factors of ((-836)/z)/(2*1/2).
11, 19
Let y(r) = 2*r**2 + 18*r + 179 - 43*r + 26*r - 4*r**2. What are the prime factors of y(0)?
179
Let s be 3 - (-11 + (-5)/(-1)*1). List the prime factors of ((-72)/s - -10)*2*69.
2, 3, 23
Suppose -2346 = -g + 5*l, 16*l - 21*l + 9509 = 4*g. Let y = g + -1474. What are the prime factors of y?
3, 13, 23
Suppose 420377 = 17*n - 110004 - 518587. What are the prime factors of n?
2, 3, 857
Let c(z) = -z**2 - 29*z + 28. Let s be (15 - 16)/(-2*1/14). Suppose -s*r - 5*o = -3*r + 95, 2*r + 2*o + 46 = 0. List the prime factors of c(r).
2, 13
Let w(u) = -97*u + 81. Let d be w(-5). Suppose -4*k - c = -783, -4*k + d = -3*c - 237. What are the prime factors of k?
197
Let z(v) = 78*v**2 + 10*v - 2. Suppose -5*k - 4*b = -3*b - 19, -b = 3*k - 11. What are the prime factors of z(k)?
2, 643
Suppose 0 = 5*u - 25, -6*i - u = -5*i - 10295. What are the prime factors of i?
2, 3, 5, 7
Let l be 10/4*3/((-45)/(-96)). Suppose -4*d = 16, -u - 4*d = -2*u + l. Suppose -4*k + p + p + 36 = u, 4 = p. What are the prime factors of k?
11
Let w = -27 - -31. Let l(k) = k**3 - 3*k**2 - 4*k - 4. Let j be l(w). What are the prime factors of ((-258)/j)/((-10)/(-20))?
3, 43
List the prime factors of ((-6)/(-3)*1)/((-214)/(-1229323)).
11489
Let k = 1636 + -5202. List the prime factors of k/(-42) - (-6)/63*1.
5, 17
Suppose 2*w - 3*h - 20 = 0, -2*h + 8 = -w - 5*h. Suppose w*c - 16*a - 916 = -20*a, -3*a + 460 = 2*c. What are the prime factors of c?
227
Suppose 0 = -154*t + 156*t. Suppose -18*v - 15*v + 10197 = t. List the prime factors of v.
3, 103
Let i(m) = m**3 + 19*m**2 + 5*m + 112. List the prime factors of i(-15).
937
Let y = 25 - 33. Let w = -9 - y. List the prime factors of ((-21)/5)/(w/5).
3, 7
Let n(t) = 4*t**3 - t**2 - 7*t - 16. Let k(r) = 8*r**3 - 3*r**2 - 15*r - 33. Let z(g) = 4*k(g) - 9*n(g). List the prime factors of z(-4).
2, 13
Let n(g) = g**2 - 4. Let q be n(0). Let a be 43/q + 1/(-4). What are the prime factors of (-15)/2*2*a?
3, 5, 11
Let g = -9 - -14. Suppose g*b - 1678 = -3*y, -7*y + 1006 = 3*b - 5*y. List the prime factors of b.
2, 13
List the prime factors of 1307/((425/(-1150))/(-17)).
2, 23, 1307
Suppose 0 = 4*m + 4*o, -2*o + 3*o - 16 = -5*m. Suppose 2*g + 12 = -g, 3*p - 134 = -m*g. List the prime factors of p.
2, 5
Let k = 902 - 1280. Let s be k/(-7)*(-16)/(-6). Let y = s + -58. What are the prime factors of y?
2, 43
Suppose -5*h + 7*o = 2*o + 105, -o + 93 = -5*h. Let i = -53 - h. Let d = i + 198. What are the prime factors of d?
163
Suppose 108731 = 4*g - 2*b - 15173, 92967 = 3*g + 5*b. List the prime factors of g.
13, 2383
Suppose -2*i + 850 = -q, -2*q - 244 - 181 = -i. Suppose 5*w - 3*z - 2*z = -i, 5*w + z = -395. Let a = w - -273. What are the prime factors of a?
193
Let i(s) = -338*s - 44. Let y(t) = 68*t + 9. Let m(a) = 3*i(a) + 16*y(a). List the prime factors of m(1).
2, 43
Suppose 0 = 5*l + z - 410, 0*l - 3*l + 3*z + 228 = 0. Let f be (-1 - -4)*(-340)/(-6). Let t = f - l. What are the prime factors of t?
89
Let w = 21647 - 9793. List the prime factors of w.
2, 5927
Suppose 101*w + 6 = 103*w. Let n(m) = -6*m + 0*m**2 + 3*m**2 + 3 + 2*m**2 + 27*m**w. What are the prime factors of n(2)?
227
Suppose 3*f + o - 18 = 6*o, -4*f = 3*o + 5. What are the prime factors of 1758*(f - (-5)/(-10))?
3, 293
Let a = 340 - 3534. Let x = a + 4675. Suppose -13*n + 1106 = -x. What are the prime factors of n?
199
List the prime factors of (12144/12)/((-7)/4 - -2).
2, 11, 23
Suppose -d + 8*d = 11746. Suppose -3566 = -5*h - r + d, -h + 1044 = 5*r. List the prime factors of h.
1049
Let c(w) = w**3 + 14*w**2 + 15*w + 4. Suppose 5*o - 3*k - 26 = -2*k, -o = k - 4. Suppose 2*d + m = o*d + 41, 4*d = 2*m - 58. List the prime factors of c(d).
2, 7
What are the prime factors of 28 - 24 - ((-2387515)/91 + 4/(-7))?
3, 8747
Let d(y) = -2*y**3 - 20*y**2 - 44*y - 177. What are the prime factors of d(-13)?
1409
Let y(o) = 824*o**2 - 13*o + 18. What are the prime factors of y(3)?
3, 5, 17, 29
Suppose -74*z + 2075180 = -36*z. What are the prime factors of z?
2, 5, 43, 127
List the prime factors of -12*85/(-20)*123.
3, 17, 41
Suppose 5*x + 9 = -3*a, 9 = 2*x + 2*x - 3*a. Suppose 5*n - 5*d - 40 = 0, 5*n + x*d = d + 32. List the prime factors of n.
2, 3
Let d = -18499 + 26631. What are the prime factors of d?
2, 19, 107
Suppose 25*o = 12*o + 21307. Suppose 333 = v - 0*z + 3*z, 5*v - o = -2*z. List the prime factors of v.
3, 109
Suppose 21*a - 7*a - 2744 = 0. Suppose -5*p + 2*m = -958, p + 11*m - a = 7*m. List the prime factors of p.
2, 3
Let m be (1027 - (1 - 0)) + (-11 - -7). Suppose 3*p - 403 = m. List the prime factors of p.
5, 19
Suppose -15*o = -14*o - 25. Suppose 945 = o*l - 20*l. What are the prime factors of l?
3, 7
Suppose -34*a = -32*a - 2192. List the prime factors of a/(-2)*6/(-12).
2, 137
Let d(c) = 9*c**2 + 14*c + 71. List the prime factors of d(26).
3, 41, 53
What are the prime factors of (-5460)/(-104)*2*1?
3, 5, 7
Let q = -447 + 878. Let u = q + 13. List the prime factors of u.
2, 3, 37
Let y be (-390)/6*6/(-10). Let w = 137 - y. What are the prime factors of w?
2, 7
Let h = -5043 + 9861. List the prime factors of h.
2, 3, 11, 73
Suppose 4*o + 2*q = 6, 7*o - 12*o + 5*q = -30. Suppose -696 + 6 = -o*n. List the prime factors of n.
2, 5, 23
Let m = -1556 + 8605. What are the prime factors of m?
7, 19, 53
Let l(g) = g**3 - 6*g**2 - 4*g + 11. Let j be l(5). Let v = -28 - j. Suppose -6*w + 540 = v*w. What are the prime factors of w?
3, 5
Let v(l) = -l**3 + 8*l**2 + 2*l. Let o(b) = -5*b**3 - 13*b**3 + b + 6 + 19*b**3 + b**2. Let q be o(0). List the prime factors of v(q).
2, 3, 7
List the prime factors of ((8 - 19) + 10)*0 - -942.
2, 3, 157
Let b = 609 - 363. Let w be 0*(-3 + (-32)/(-12)). Suppose w = -4*n + 7*n - b. List the prime factors of n.
2, 41
Let z = 1542 + -1070. Suppose 0 = -4*m - 0*m + 4*r + 128, 5*m = r + 156. Suppose 29*w = m*w - z. What are the prime factors of w?
2, 59
Suppose -57*j + 198454 = 53*j - 1486526. What are the prime factors of j?
2, 3, 23, 37
Suppose 13*n - 35*n - 26994 = 0. Let x = -473 - n. What are the prime factors of x?
2, 13, 29
Let s be 0 - (6/(-3) - 3). Let t(l) = l**3 - l**2 - 10*l - 10. List the prime factors of t(s).
2, 5
Suppose -6*m = 2422 + 3980. Let y = -595 - m. List the prime factors of y.
2, 59
Let n = 931 - 633. Suppose -20*v + 1382 = -n. What are the prime factors of v?
2, 3, 7
Let k(x) = 2019*x + 860. What are the prime factors of k(2)?
2, 31, 79
Suppose -5*c = 7781 - 24091. Suppose 3*t = c - 859. What are the prime factors of t?
3, 89
Suppose -17*p + 18*p + 323 = l, 618 = 2*l + 5*p. Suppose -3*x = 13*m - 11*m - 191, 0 = -5*x - 3*m + l. List the prime factors of x.
5, 13
Let x(p) = -116*p**3 + 2*p**2 + p - 6. List the prime factors of x(-2).
2, 29
Suppose -a + 2*s + 596 = 0, -3*a + 8*a + 5*s = 2980. List the prime factors of a.
2, 149
Suppose -1722 = -3*k - 3*z, -z - 402 + 397 = 0. What are the prime factors of k?
3, 193
Suppose 7*i + 16640 = -6*i. Let f = i - -2172. Suppose 5*r = -10, 7*g + 2*r - f = 3*g. What are the prime factors of g?
2, 7
Suppose -3 = -4*o + 5. Suppose 4*u + o*p - 73 + 9 = 0, -4*u = -2*p - 56. What are t